is the hundreds digit of 3804144571?
5
What is the thousands digit of 1086548622?
8
What is the ten millions digit of 55785783?
5
What is the ten millions digit of 5100246393?
0
What is the tens digit of 57184735?
3
What is the tens digit of 403941073?
7
What is the ten millions digit of 176033149?
7
What is the hundred thousands digit of 80987787?
9
What is the thousands digit of 4020775275?
5
What is the hundreds digit of 25517632?
6
What is the ten millions digit of 3355129486?
5
What is the units digit of 6096363783?
3
What is the ten thousands digit of 101878042?
7
What is the billions digit of 1229229633?
1
What is the ten millions digit of 2473873609?
7
What is the hundred millions digit of 150175967?
1
What is the tens digit of 435809276?
7
What is the hundred thousands digit of 30553996?
5
What is the ten millions digit of 873528002?
7
What is the hundred thousands digit of 383887501?
8
What is the ten millions digit of 1634218139?
3
What is the hundred millions digit of 405090007?
4
What is the millions digit of 24631729?
4
What is the billions digit of 2169378679?
2
What is the units digit of 124281484?
4
What is the units digit of 4905634?
4
What is the ten thousands digit of 530734109?
3
What is the tens digit of 7563161865?
6
What is the thousands digit of 301879397?
9
What is the hundreds digit of 121935604?
6
What is the millions digit of 1121266060?
1
What is the thousands digit of 2587193992?
3
What is the ten millions digit of 445518920?
4
What is the billions digit of 1804538449?
1
What is the tens digit of 23126817?
1
What is the hundred millions digit of 191062440?
1
What is the hundred thousands digit of 850957231?
9
What is the millions digit of 254695386?
4
What is the ten thousands digit of 2023518843?
1
What is the millions digit of 192032370?
2
What is the hundred thousands digit of 276272710?
2
What is the units digit of 2362829834?
4
What is the millions digit of 25836678?
5
What is the hundred millions digit of 1708476931?
7
What is the ten millions digit of 97707834?
9
What is the millions digit of 372249092?
2
What is the hundred thousands digit of 180960100?
9
What is the tens digit of 4862532?
3
What is the hundred thousands digit of 647401682?
4
What is the ten thousands digit of 99259632?
5
What is the hundreds digit of 258992130?
1
What is the ten millions digit of 61387624?
6
What is the hundred thousands digit of 194722293?
7
What is the hundreds digit of 1088835461?
4
What is the millions digit of 639034391?
9
What is the ten thousands digit of 135566240?
6
What is the hundred thousands digit of 372206948?
2
What is the units digit of 134194062?
2
What is the millions digit of 32922061?
2
What is the units digit of 39761529?
9
What is the hundreds digit of 33551193?
1
What is the thousands digit of 808668793?
8
What is the millions digit of 127890535?
7
What is the millions digit of 77634176?
7
What is the units digit of 113664120?
0
What is the ten thousands digit of 423975100?
7
What is the hundred thousands digit of 81559180?
5
What is the tens digit of 31432163?
6
What is the ten thousands digit of 61145179?
4
What is the hundred millions digit of 7056339859?
0
What is the ten millions digit of 6018516156?
1
What is the units digit of 70551747?
7
What is the thousands digit of 15500017?
0
What is the ten thousands digit of 985810239?
1
What is the millions digit of 63713634?
3
What is the units digit of 406581564?
4
What is the units digit of 176680261?
1
What is the hundred millions digit of 4751258134?
7
What is the hundreds digit of 155428607?
6
What is the ten thousands digit of 967310805?
1
What is the millions digit of 6470513058?
0
What is the ten millions digit of 3617069385?
1
What is the ten thousands digit of 56455868?
5
What is the millions digit of 390168092?
0
What is the millions digit of 173705031?
3
What is the thousands digit of 422716741?
6
What is the billions digit of 1068517058?
1
What is the thousands digit of 461483299?
3
What is the hundreds digit of 34051440?
4
What is the ten millions digit of 73065447?
7
What is the tens digit of 107157990?
9
What is the hundred millions digit of 178531179?
1
What is the ten thousands digit of 13812447?
1
What is the hundred millions digit of 1410067728?
4
What is the ten thousands digit of 516282?
1
What is the millions digit of 17448492?
7
What is the ten millions digit of 46336292?
4
What is the tens digit of 181178338?
3
What is the tens digit of 397187019?
1
What is the hundreds digit of 1788493848?
8
What is the millions digit of 779908087?
9
What is the units digit of 99455934?
4
What is the ten millions digit of 805433908?
0
What is the millions digit of 9836939?
9
What is the ten thousands digit of 156666451?
6
What is the ten thousands digit of 12465822?
6
What is the ten millions digit of 41452260?
4
What is the tens digit of 33938234?
3
What is the hundreds digit of 38349281?
2
What is the thousands digit of 1455147319?
7
What is the hundred thousands digit of 47469780?
4
What is the ten thousands digit of 79415907?
1
What is the hundred millions digit of 261733549?
2
What is the ten thousands digit of 68790665?
9
What is the tens digit of 389617858?
5
What is the thousands digit of 5077886597?
6
What is the ten millions digit of 13997773?
1
What is the thousands digit of 138757256?
7
What is the ten millions digit of 377853278?
7
What is the ten thousands digit of 804327341?
2
What is the ten thousands digit of 6297104647?
0
What is the millions digit of 531491169?
1
What is the thousands digit of 53658778?
8
What is the thousands digit of 398395555?
5
What is the tens digit of 29280741?
4
What is the hundred millions digit of 242527892?
2
What is the millions digit of 670748910?
0
What is the thousands digit of 183740855?
0
What is the ten millions digit of 1157959011?
5
What is the ten thousands digit of 4643014956?
1
What is the billions digit of 1324015915?
1
What is the thousands digit of 248826932?
6
What is the tens digit of 511475603?
0
What is the hundreds digit of 99608535?
5
What is the tens digit of 1008124584?
8
What is the hundred thousands digit of 742428890?
4
What is the hundred thousands digit of 94936528?
9
What is the hundred millions digit of 2706880477?
7
What is the tens digit of 71036484?
8
What is the units digit of 1886141?
1
What is the ten millions digit of 2249509787?
4
What is the thousands digit of 219286118?
6
What is the hundreds digit of 71870319?
3
What is the thousands digit of 531830870?
0
What is the hundreds digit of 76961517?
5
What is the millions digit of 2727996993?
7
What is the hundreds digit of 87958898?
8
What is the ten millions digit of 2979565487?
7
What is the hundreds digit of 16980031?
0
What is the millions digit of 241848881?
1
What is the thousands digit of 160697454?
7
What is the millions digit of 63300619?
3
What is the hundreds digit of 1893855756?
7
What is the millions digit of 1051703887?
1
What is the hundreds digit of 68763050?
0
What is the tens digit of 23233260?
6
What is the thousands digit of 68203178?
3
What is the units digit of 34811786?
6
What is the tens digit of 1533368666?
6
What is the hundreds digit of 58878305?
3
What is the ten millions digit of 405777208?
0
What is the ten millions digit of 2955781074?
5
What is the tens digit of 188383573?
7
What is the tens digit of 1426030?
3
What is the hundred thousands digit of 77312607?
3
What is the hundred thousands digit of 125905718?
9
What is the tens digit of 941830269?
6
What is the hundreds digit of 2454126812?
8
What is the tens digit of 600762537?
3
What is the thousands digit of 1186445058?
5
What is the hundred millions digit of 286957859?
2
What is the ten thousands digit of 363854979?
5
What is the hundred thousands digit of 1363799308?
7
What is the hundreds digit of 945833502?
5
What is the hundreds digit of 241384399?
3
What is the hundred millions digit of 307697720?
3
What is the thousands digit of 549949590?
9
What is the hundred thousands digit of 52563398?
5
What is the hundred millions digit of 250300197?
2
What is the hundreds digit of 3674861684?
6
What is the tens digit of 2521044982?
8
What is the thousands digit of 55429193?
9
What is the units digit of 1864961055?
5
What 